{"id":49,"date":"2022-12-31T14:33:48","date_gmt":"2022-12-31T14:33:48","guid":{"rendered":"https:\/\/orthopaedie-baumeister.de\/?page_id=49"},"modified":"2023-01-01T12:44:40","modified_gmt":"2023-01-01T12:44:40","slug":"anatomische-cervicalsutzen-aus-schaumstoff","status":"publish","type":"page","link":"https:\/\/orthopaedie-baumeister.de\/?page_id=49","title":{"rendered":"Anatomische Cervicals\u00fctzen aus Schaumstoff"},"content":{"rendered":"\n<h3 class=\"wp-block-heading\"><strong>Technische Beschreibung<\/strong><\/h3>\n\n\n\n<p>Die anatomischen Cervivalst\u00fctzen bestehen aus Schaumstoff mit einem Bezug aus reiner Baumwolle. Der Schaumstoff besitzt zu Gunsten der starken St\u00fctzkraft eine sehr hohe Dichte, bei relativ geringer Materialst\u00e4rke, wodurch ein hoher Tragekomfort gegeben ist.<\/p>\n\n\n\n<h3 class=\"wp-block-heading\">Wirkungsweise, Funktion<\/h3>\n\n\n\n<p>Die orthop\u00e4dischen anatomischen Cervicalst\u00fctzen haben eine stark st\u00fctzende und ruhigstellende Wirkung. Ebenso geben sie mit dem angenehmen Baumwollbezug der Haslwirbels\u00e4ule eine wohltuende W\u00e4rme. Sie sind ideal zum Tragen bei Tag und bei Nacht.<\/p>\n\n\n\n<h3 class=\"wp-block-heading\">Indikation<\/h3>\n\n\n\n<p>Akute, chronische und posttraumatische Schmerzsyndrome im Bereich der HWS, Segmentlockerungen, postoperative Weichteilirritaionen, CP, Osteoporose, Osteochondrose, Spondylarthrose, neurologische Indikationen, Schleudertrauma.<\/p>\n\n\n\n<h3 class=\"wp-block-heading\">Gr\u00f6\u00dfen<\/h3>\n\n\n\n<figure class=\"wp-block-table is-style-regular\"><table><thead><tr><th class=\"has-text-align-center\" data-align=\"center\">Artikelnummer<\/th><th class=\"has-text-align-center\" data-align=\"center\">Art.-Nr. mit Verst\u00e4rkung<\/th><th class=\"has-text-align-center\" data-align=\"center\">Gr\u00f6\u00dfe<\/th><th class=\"has-text-align-center\" data-align=\"center\">H\u00f6he<\/th><th class=\"has-text-align-center\" data-align=\"center\">Halsumfang<\/th><\/tr><\/thead><tbody><tr><td class=\"has-text-align-center\" data-align=\"center\">001<\/td><td class=\"has-text-align-center\" data-align=\"center\">&#8211;<\/td><td class=\"has-text-align-center\" data-align=\"center\">Kind<\/td><td class=\"has-text-align-center\" data-align=\"center\">6,0 cm<\/td><td class=\"has-text-align-center\" data-align=\"center\">24 &#8211; 27 cm<\/td><\/tr><tr><td class=\"has-text-align-center\" data-align=\"center\">002<\/td><td class=\"has-text-align-center\" data-align=\"center\">&#8211;<\/td><td class=\"has-text-align-center\" data-align=\"center\">Junior<\/td><td class=\"has-text-align-center\" data-align=\"center\">7,0 cm<\/td><td class=\"has-text-align-center\" data-align=\"center\">25 &#8211; 32 cm<\/td><\/tr><tr><td class=\"has-text-align-center\" data-align=\"center\">003<\/td><td class=\"has-text-align-center\" data-align=\"center\">013<\/td><td class=\"has-text-align-center\" data-align=\"center\">6kurz<\/td><td class=\"has-text-align-center\" data-align=\"center\">7,0 cm<\/td><td class=\"has-text-align-center\" data-align=\"center\">32 &#8211; 38 cm<\/td><\/tr><tr><td class=\"has-text-align-center\" data-align=\"center\">004<\/td><td class=\"has-text-align-center\" data-align=\"center\">014<\/td><td class=\"has-text-align-center\" data-align=\"center\">6lang<\/td><td class=\"has-text-align-center\" data-align=\"center\">7,0 cm<\/td><td class=\"has-text-align-center\" data-align=\"center\">38 &#8211; 44 cm<\/td><\/tr><tr><td class=\"has-text-align-center\" data-align=\"center\">005<\/td><td class=\"has-text-align-center\" data-align=\"center\">015<\/td><td class=\"has-text-align-center\" data-align=\"center\">8kurz<\/td><td class=\"has-text-align-center\" data-align=\"center\">8,5 cm<\/td><td class=\"has-text-align-center\" data-align=\"center\">35 &#8211; 44 cm<\/td><\/tr><tr><td class=\"has-text-align-center\" data-align=\"center\">006<\/td><td class=\"has-text-align-center\" data-align=\"center\">016<\/td><td class=\"has-text-align-center\" data-align=\"center\">8lang<\/td><td class=\"has-text-align-center\" data-align=\"center\">8,5 cm<\/td><td class=\"has-text-align-center\" data-align=\"center\">40 &#8211; 50 cm<\/td><\/tr><tr><td class=\"has-text-align-center\" data-align=\"center\">007<\/td><td class=\"has-text-align-center\" data-align=\"center\">017<\/td><td class=\"has-text-align-center\" data-align=\"center\">10kurz<\/td><td class=\"has-text-align-center\" data-align=\"center\">10,5 cm<\/td><td class=\"has-text-align-center\" data-align=\"center\">34 &#8211; 41 cm<\/td><\/tr><tr><td class=\"has-text-align-center\" data-align=\"center\">008<\/td><td class=\"has-text-align-center\" data-align=\"center\">018<\/td><td class=\"has-text-align-center\" data-align=\"center\">10lang<\/td><td class=\"has-text-align-center\" data-align=\"center\">10,5 cm<\/td><td class=\"has-text-align-center\" data-align=\"center\">39 &#8211; 50 cm<\/td><\/tr><tr><td class=\"has-text-align-center\" data-align=\"center\">009<\/td><td class=\"has-text-align-center\" data-align=\"center\">019<\/td><td class=\"has-text-align-center\" data-align=\"center\">12kurz<\/td><td class=\"has-text-align-center\" data-align=\"center\">12,5 cm<\/td><td class=\"has-text-align-center\" data-align=\"center\">34 &#8211; 41 cm<\/td><\/tr><tr><td class=\"has-text-align-center\" data-align=\"center\">010<\/td><td class=\"has-text-align-center\" data-align=\"center\">020<\/td><td class=\"has-text-align-center\" data-align=\"center\">12lang<\/td><td class=\"has-text-align-center\" data-align=\"center\">12,5 cm<\/td><td class=\"has-text-align-center\" data-align=\"center\">39 &#8211; 50 cm<\/td><\/tr><\/tbody><\/table><\/figure>\n\n\n\n<h3 class=\"wp-block-heading\">Farben<\/h3>\n\n\n\n<p>Bei Bestellungen bitte Abk\u00fcrzung f\u00fcr Farbe der Artikelnummer hinzuf\u00fcgen.<\/p>\n\n\n\n<figure class=\"wp-block-table\"><table class=\"has-border-color\" style=\"border-color:#00000000;border-width:1px\"><tbody><tr><td class=\"has-text-align-right\" data-align=\"right\"><img loading=\"lazy\" decoding=\"async\" width=\"25\" height=\"25\" class=\"wp-image-30\" style=\"width: 25px;\" src=\"https:\/\/orthopaedie-baumeister.de\/wp-content\/uploads\/2022\/12\/farbe-ht.jpg\" alt=\"\"><\/td><td>haut (ht)<\/td><td>                                                                                   <\/td><td><\/td><\/tr><tr><td class=\"has-text-align-right\" data-align=\"right\"><img loading=\"lazy\" decoding=\"async\" width=\"25\" height=\"25\" class=\"wp-image-25\" style=\"width: 25px;\" src=\"https:\/\/orthopaedie-baumeister.de\/wp-content\/uploads\/2022\/12\/farbe-db.jpg\" alt=\"\"><\/td><td>dunkelblau (db)<\/td><td><\/td><td><\/td><\/tr><tr><td class=\"has-text-align-right\" data-align=\"right\"><img loading=\"lazy\" decoding=\"async\" width=\"25\" height=\"25\" class=\"wp-image-37\" style=\"width: 25px;\" src=\"https:\/\/orthopaedie-baumeister.de\/wp-content\/uploads\/2022\/12\/farbe-hb.jpg\" alt=\"\"><\/td><td>hellblau (hb)<\/td><td><\/td><td><\/td><\/tr><tr><td class=\"has-text-align-right\" data-align=\"right\"><img loading=\"lazy\" decoding=\"async\" width=\"25\" height=\"25\" class=\"wp-image-31\" style=\"width: 25px;\" src=\"https:\/\/orthopaedie-baumeister.de\/wp-content\/uploads\/2022\/12\/farbe-rt.jpg\" alt=\"\"><\/td><td>rot (rt)<\/td><td><\/td><td><\/td><\/tr><tr><td class=\"has-text-align-right\" data-align=\"right\"><img loading=\"lazy\" decoding=\"async\" width=\"25\" height=\"25\" class=\"wp-image-18\" style=\"width: 25px;\" src=\"https:\/\/orthopaedie-baumeister.de\/wp-content\/uploads\/2022\/12\/farbe-gb.jpg\" alt=\"\"><\/td><td>gelb (gb)<\/td><td><\/td><td><\/td><\/tr><tr><td class=\"has-text-align-right\" data-align=\"right\"><img loading=\"lazy\" decoding=\"async\" width=\"25\" height=\"25\" class=\"wp-image-40\" style=\"width: 25px;\" src=\"https:\/\/orthopaedie-baumeister.de\/wp-content\/uploads\/2022\/12\/farbe-sw.jpg\" alt=\"\"><\/td><td>schwarz (sw)<\/td><td><\/td><td><\/td><\/tr><\/tbody><\/table><\/figure>\n\n\n\n<h3 class=\"wp-block-heading\">Verpackungsform<\/h3>\n\n\n\n<p>Bei Bestellungen bitte Abk\u00fcrzung f\u00fcr Verpackungsform der Art.-Nr. hinzuf\u00fcgen.<\/p>\n\n\n\n<ul class=\"wp-block-list\">\n<li>PE-Folienbeutel (P)<\/li>\n\n\n\n<li>Faltschachtel (F)<\/li>\n<\/ul>\n\n\n\n<h3 class=\"wp-block-heading\">Rezeptierung<\/h3>\n\n\n\n<p>Anatomische Schaumstoffcervicalst\u00fctze 23.12.03.0036<br>Anatomische Schaumstoffcervicalst\u00fctze mit Verst\u00e4rkung 23.12.03.1027<\/p>\n\n\n\n<hr class=\"wp-block-separator has-alpha-channel-opacity\"\/>\n\n\n\n<div class=\"wp-block-buttons is-layout-flex wp-block-buttons-is-layout-flex\">\n<div class=\"wp-block-button\"><a class=\"wp-block-button__link wp-element-button\" href=\"https:\/\/orthopaedie-baumeister.de\/?page_id=15\">zur\u00fcck zu Produkte<\/a><\/div>\n<\/div>\n\n\n\n<p><\/p>\n","protected":false},"excerpt":{"rendered":"<p>Technische Beschreibung Die anatomischen Cervivalst\u00fctzen bestehen aus Schaumstoff mit einem Bezug aus reiner Baumwolle. Der Schaumstoff besitzt zu Gunsten der starken St\u00fctzkraft eine sehr hohe Dichte, bei relativ geringer Materialst\u00e4rke, wodurch ein hoher Tragekomfort gegeben ist. Wirkungsweise, Funktion Die orthop\u00e4dischen anatomischen Cervicalst\u00fctzen haben eine stark st\u00fctzende und ruhigstellende Wirkung. Ebenso geben sie mit dem angenehmen [&hellip;]<\/p>\n","protected":false},"author":1,"featured_media":0,"parent":15,"menu_order":0,"comment_status":"closed","ping_status":"closed","template":"","meta":{"footnotes":""},"class_list":["post-49","page","type-page","status-publish","hentry"],"_links":{"self":[{"href":"https:\/\/orthopaedie-baumeister.de\/index.php?rest_route=\/wp\/v2\/pages\/49","targetHints":{"allow":["GET"]}}],"collection":[{"href":"https:\/\/orthopaedie-baumeister.de\/index.php?rest_route=\/wp\/v2\/pages"}],"about":[{"href":"https:\/\/orthopaedie-baumeister.de\/index.php?rest_route=\/wp\/v2\/types\/page"}],"author":[{"embeddable":true,"href":"https:\/\/orthopaedie-baumeister.de\/index.php?rest_route=\/wp\/v2\/users\/1"}],"replies":[{"embeddable":true,"href":"https:\/\/orthopaedie-baumeister.de\/index.php?rest_route=%2Fwp%2Fv2%2Fcomments&post=49"}],"version-history":[{"count":4,"href":"https:\/\/orthopaedie-baumeister.de\/index.php?rest_route=\/wp\/v2\/pages\/49\/revisions"}],"predecessor-version":[{"id":56,"href":"https:\/\/orthopaedie-baumeister.de\/index.php?rest_route=\/wp\/v2\/pages\/49\/revisions\/56"}],"up":[{"embeddable":true,"href":"https:\/\/orthopaedie-baumeister.de\/index.php?rest_route=\/wp\/v2\/pages\/15"}],"wp:attachment":[{"href":"https:\/\/orthopaedie-baumeister.de\/index.php?rest_route=%2Fwp%2Fv2%2Fmedia&parent=49"}],"curies":[{"name":"wp","href":"https:\/\/api.w.org\/{rel}","templated":true}]}}