{"id":70,"date":"2022-12-31T17:25:31","date_gmt":"2022-12-31T17:25:31","guid":{"rendered":"https:\/\/orthopaedie-baumeister.de\/?page_id=70"},"modified":"2023-01-11T22:32:26","modified_gmt":"2023-01-11T22:32:26","slug":"bmp-absaugrohr","status":"publish","type":"page","link":"https:\/\/orthopaedie-baumeister.de\/?page_id=70","title":{"rendered":"BMP Absaugrohr"},"content":{"rendered":"\n<p>Es stehen drei Varianten als Absaugrohre zur Verf\u00fcgung:<\/p>\n\n\n\n<figure class=\"wp-block-gallery has-nested-images columns-default is-cropped wp-block-gallery-1 is-layout-flex wp-block-gallery-is-layout-flex\">\n<figure class=\"wp-block-image size-large\"><a href=\"https:\/\/orthopaedie-baumeister.de\/?page_id=71\"><img loading=\"lazy\" decoding=\"async\" width=\"640\" height=\"438\" data-id=\"28\" src=\"https:\/\/orthopaedie-baumeister.de\/wp-content\/uploads\/2022\/12\/1-Kanal-Absaugrohr.jpg\" alt=\"\" class=\"wp-image-28\" srcset=\"https:\/\/orthopaedie-baumeister.de\/wp-content\/uploads\/2022\/12\/1-Kanal-Absaugrohr.jpg 640w, https:\/\/orthopaedie-baumeister.de\/wp-content\/uploads\/2022\/12\/1-Kanal-Absaugrohr-300x205.jpg 300w\" sizes=\"auto, (max-width: 640px) 100vw, 640px\" \/><\/a><figcaption class=\"wp-element-caption\">1-Kanal Absaugrohr<\/figcaption><\/figure>\n\n\n\n<figure class=\"wp-block-image size-large\"><a href=\"https:\/\/orthopaedie-baumeister.de\/?page_id=75\"><img loading=\"lazy\" decoding=\"async\" width=\"640\" height=\"448\" data-id=\"38\" src=\"https:\/\/orthopaedie-baumeister.de\/wp-content\/uploads\/2022\/12\/2-Kanal-Absaugrohr.jpg\" alt=\"\" class=\"wp-image-38\" srcset=\"https:\/\/orthopaedie-baumeister.de\/wp-content\/uploads\/2022\/12\/2-Kanal-Absaugrohr.jpg 640w, https:\/\/orthopaedie-baumeister.de\/wp-content\/uploads\/2022\/12\/2-Kanal-Absaugrohr-300x210.jpg 300w\" sizes=\"auto, (max-width: 640px) 100vw, 640px\" \/><\/a><figcaption class=\"wp-element-caption\">2-Kanal Absaugrohr<\/figcaption><\/figure>\n\n\n\n<figure class=\"wp-block-image size-large\"><a href=\"https:\/\/orthopaedie-baumeister.de\/?page_id=79\"><img loading=\"lazy\" decoding=\"async\" width=\"640\" height=\"465\" data-id=\"32\" src=\"https:\/\/orthopaedie-baumeister.de\/wp-content\/uploads\/2022\/12\/3-Kanal-Absaugrohr.jpg\" alt=\"\" class=\"wp-image-32\" srcset=\"https:\/\/orthopaedie-baumeister.de\/wp-content\/uploads\/2022\/12\/3-Kanal-Absaugrohr.jpg 640w, https:\/\/orthopaedie-baumeister.de\/wp-content\/uploads\/2022\/12\/3-Kanal-Absaugrohr-300x218.jpg 300w\" sizes=\"auto, (max-width: 640px) 100vw, 640px\" \/><\/a><figcaption class=\"wp-element-caption\">3-Kanal Absaugrohr<\/figcaption><\/figure>\n<\/figure>\n\n\n\n<p><\/p>\n\n\n\n<p>Dichtschl\u00e4uche sind als Ersatz f\u00fcr alle Absaugrohre im 5er Set erh\u00e4ltlich.<\/p>\n\n\n\n<hr class=\"wp-block-separator has-alpha-channel-opacity\"\/>\n\n\n\n<div class=\"wp-block-buttons is-layout-flex wp-block-buttons-is-layout-flex\">\n<div class=\"wp-block-button\"><a class=\"wp-block-button__link wp-element-button\" href=\"https:\/\/orthopaedie-baumeister.de\/?page_id=15\">zur\u00fcck zu Produkte<\/a><\/div>\n<\/div>\n","protected":false},"excerpt":{"rendered":"<p>Es stehen drei Varianten als Absaugrohre zur Verf\u00fcgung: Dichtschl\u00e4uche sind als Ersatz f\u00fcr alle Absaugrohre im 5er Set erh\u00e4ltlich.<\/p>\n","protected":false},"author":1,"featured_media":0,"parent":15,"menu_order":0,"comment_status":"closed","ping_status":"closed","template":"","meta":{"footnotes":""},"class_list":["post-70","page","type-page","status-publish","hentry"],"_links":{"self":[{"href":"https:\/\/orthopaedie-baumeister.de\/index.php?rest_route=\/wp\/v2\/pages\/70","targetHints":{"allow":["GET"]}}],"collection":[{"href":"https:\/\/orthopaedie-baumeister.de\/index.php?rest_route=\/wp\/v2\/pages"}],"about":[{"href":"https:\/\/orthopaedie-baumeister.de\/index.php?rest_route=\/wp\/v2\/types\/page"}],"author":[{"embeddable":true,"href":"https:\/\/orthopaedie-baumeister.de\/index.php?rest_route=\/wp\/v2\/users\/1"}],"replies":[{"embeddable":true,"href":"https:\/\/orthopaedie-baumeister.de\/index.php?rest_route=%2Fwp%2Fv2%2Fcomments&post=70"}],"version-history":[{"count":4,"href":"https:\/\/orthopaedie-baumeister.de\/index.php?rest_route=\/wp\/v2\/pages\/70\/revisions"}],"predecessor-version":[{"id":231,"href":"https:\/\/orthopaedie-baumeister.de\/index.php?rest_route=\/wp\/v2\/pages\/70\/revisions\/231"}],"up":[{"embeddable":true,"href":"https:\/\/orthopaedie-baumeister.de\/index.php?rest_route=\/wp\/v2\/pages\/15"}],"wp:attachment":[{"href":"https:\/\/orthopaedie-baumeister.de\/index.php?rest_route=%2Fwp%2Fv2%2Fmedia&parent=70"}],"curies":[{"name":"wp","href":"https:\/\/api.w.org\/{rel}","templated":true}]}}